sor of f and 64?
16
Suppose 4*f + 2*f - 2*f = 0. Suppose -w - 5*w + 72 = f. Calculate the greatest common factor of 132 and w.
12
Let a = -19 - -49. Calculate the highest common divisor of a and 80.
10
Let d(v) = v - 8. Let c be d(10). Let m be (2/8)/(c/16). Let f be (7 - -18) + (-4)/m. Calculate the greatest common factor of 161 and f.
23
Let f be (-231)/(-44) - 1/4. Suppose j - 8 + 4 = 0. Suppose -j*v - 5*z + 2 = -0*z, 5*v = f*z + 25. Calculate the highest common divisor of v and 33.
3
Suppose 4 = 4*z + 3*d - 8, 2*z = 2*d - 8. Let g be ((-2)/4 - z)*2. Let c be -54*(g - (-1)/2). Calculate the highest common factor of 243 and c.
27
Let p(b) = 26*b**3 - 3*b**2 + 2*b. Let t be p(2). Suppose -4*o + 311 = 3*s, 3*o - 2*s + 3*s - 237 = 0. What is the greatest common divisor of o and t?
40
Let i be -3 - (-2 + 3 + -4). Let k be -251 + (i - -3) + -4. Let m be 1/(-3)*k/6. Calculate the greatest common divisor of 28 and m.
14
Suppose -4*q + 5*v + 362 = -0*v, q - 82 = -3*v. Let b be 10 - (-2 - (-1 - 3)). What is the highest common factor of q and b?
8
Let k(b) = 1 - 232*b + 45 + 229*b. Let r be k(11). Calculate the highest common factor of r and 169.
13
Suppose -25*s + 334 = -291. Calculate the greatest common divisor of s and 25.
25
Suppose 101 = 4*r - 2*o - 225, r + o = 89. Let q = -11 - -9. Let u be ((-15)/q + -4)*4. What is the highest common divisor of u and r?
14
Suppose -4*x = 3*n - 2960, -13*x = -15*x + 5*n + 1454. Calculate the highest common divisor of x and 22.
11
Suppose 4*a = -0*r + r, -3*r = -a - 11. Let m be (-8 + 0)/(-2) + a. Let t be (-3)/(-2 - (-7)/m). Calculate the greatest common factor of 1 and t.
1
Let j(h) = 5*h**2 + 10*h - 36. Let n be j(8). Calculate the greatest common divisor of n and 56.
28
Let q(n) = n**3 - 5*n**2 + 4*n. Let r be q(8). Let b be ((2 - 1) + 11)*(-763)/(-327). What is the highest common divisor of b and r?
28
Let h(a) = -2*a**3 + 9*a**2 + 2*a + 7. Let g be h(5). Let j be ((-25)/(-5))/((-2)/g). What is the highest common divisor of j and 160?
20
Let f = -19 + 21. Suppose 7*y = f*y + 310. Calculate the highest common divisor of 31 and y.
31
Suppose i + 3*z - 58 = 143, -4*i - 5*z = -797. Calculate the highest common factor of 36 and i.
18
Suppose d = -31*d + 448. What is the greatest common factor of 378 and d?
14
Suppose 357 - 91 = r + 2*l, 3*l = 0. Calculate the highest common factor of 14 and r.
14
Suppose -112*l - 72 = -130*l. Calculate the highest common factor of 2 and l.
2
Suppose -y = 3*y - 40. Suppose -12*n = -109 + 85. What is the highest common divisor of n and y?
2
Let v = -60 - -222. Let w be (1 + -10)/((30/24)/(-5)). Calculate the highest common factor of w and v.
18
Let w = 59 + -45. Let g be (-18)/63 - (-564)/w. What is the greatest common factor of 10 and g?
10
Suppose -2*u = 6, 20 = 5*w - 5*u - 35. Let s be 14*10/(-21)*(-48)/40. What is the greatest common divisor of s and w?
8
Let r(l) = 4*l - 4. Let u be r(3). Let g be ((-4)/u)/((-2)/300). Calculate the greatest common factor of g and 15.
15
Suppose 3*z + 25 = 2*z - 3*n, -3*z - n = 35. Let p be z/55 + 57/11. Suppose p*m - 65 = -2*d + 59, 5*m = -d + 52. What is the greatest common divisor of 9 and d?
9
Suppose 2*c - 28 - 32 = 0. Suppose -3*k + c = -0*k. Let o(u) = 6*u - 28. Let p be o(13). What is the greatest common divisor of k and p?
10
Let n(q) = 4*q + 4. Let j be n(-1). Suppose j = -o + 4, 0*h - 3*o + 31 = h. What is the greatest common divisor of h and 19?
19
Let b(n) = 10*n - 47. Let m(p) = -9*p + 47. Let h(j) = -6*b(j) - 7*m(j). Let d be h(20). Calculate the greatest common factor of 221 and d.
13
Let p(w) = w**2 - 14*w + 170. Let i be p(20). What is the highest common divisor of i and 20?
10
Suppose -2*i + 1136 = 3*a - 367, 0 = 5*i + a - 3751. What is the greatest common factor of 30 and i?
30
Suppose 3*r = 12, -u + 2*r - 8 = -3*r. Calculate the greatest common factor of u and 78.
6
Let x = 786 - 366. Calculate the greatest common divisor of x and 180.
60
Suppose -3*y - 5*x + 646 = 0, -2*x - 14 - 183 = -y. What is the greatest common divisor of y and 23?
23
Let l be -2 + -1 + -2 + (-186)/(-2). Calculate the greatest common factor of 44 and l.
44
Let q = 11 + -5. Suppose -8 + 98 = q*x. Calculate the highest common divisor of 150 and x.
15
Let x = -69 - -46. Let k = 80 + x. Calculate the greatest common divisor of k and 38.
19
Suppose -2*l = -5*l + 261. Let u be -1*(-7)/((-42)/(-174)). What is the highest common factor of l and u?
29
Suppose 3*d = 5*u + 155, -4*d + 4*u = 3*u - 235. Let m be 32 + (-10)/6*(-48)/20. What is the greatest common factor of m and d?
12
Let b(z) = 6*z + 103. Let c be b(-4). Calculate the highest common factor of 158 and c.
79
Let j(d) be the third derivative of 5*d**4/24 - 4*d**3/3 - 24*d**2. Let t be j(7). What is the highest common factor of 108 and t?
27
Let y(o) = -2*o**2 + 13*o + 2. Let l be y(4). What is the highest common factor of l and 11?
11
Suppose -4*s = 5*o - 23, -4*o - 1 = s - 5*o. Suppose 0*r - 4*r + 90 = -2*x, -s*x - 24 = -r. What is the highest common factor of r and 88?
22
Let w(t) = t**3 - t - 1. Let f be w(2). Suppose 0 = -4*z - h + 355, -h + f*h = 5*z - 470. What is the greatest common factor of 15 and z?
15
Let j(x) = -2. Let d(k) = -k + 7. Let s(q) = -2*d(q) - 7*j(q). Let y be s(-5). Let u be 12/30 + (-146)/y. What is the highest common divisor of u and 10?
5
Let l = 375 - 46. Calculate the highest common factor of 188 and l.
47
Let r be (4/3)/(3/36). Let n(w) = w + 2. Let f be n(r). What is the greatest common divisor of f and 27?
9
Suppose -234 = -22*v - 4*v. What is the highest common factor of 12 and v?
3
Let g(w) = -w**3 + 3*w**2 + 15*w - 20. Let r be g(5). What is the greatest common factor of 40 and r?
5
Let n(t) = t**2 - 20*t + 27. Suppose 9*o = 6*o + 57. Let y be n(o). What is the highest common factor of y and 12?
4
Let s = -9 - -35. Let g(j) = 13 - j**2 - j - 2*j + 0*j. Let r be g(0). What is the highest common factor of r and s?
13
Suppose -4*s - s + 7203 = 3*u, -4*u = 4*s - 5764. What is the greatest common divisor of s and 90?
90
Let d = -57 + 48. Suppose y + 3*s = 24, -5*y = 3*s - 15 - 153. Let m = d + y. Calculate the greatest common divisor of m and 27.
27
Suppose 0 = 4*y + 2*a - 174, -4*y + 6*y - 3*a - 99 = 0. What is the highest common factor of y and 95?
5
Let b be 6/(23/(-11) - -2). Let g be (1/(-3))/(2/b). Let k = 666 + -567. Calculate the greatest common factor of g and k.
11
Let s(u) = -u**2 + 2*u + 24. Let q be s(5). What is the greatest common divisor of q and 36?
9
Suppose 3*a + 4*w + 141 = 835, 0 = w - 1. Calculate the highest common divisor of 92 and a.
46
Let h(w) = w**3 - 27*w**2 - 21*w + 74. Let v be h(28). Calculate the greatest common factor of 60 and v.
30
Suppose 5*c + 23 + 42 = 0. Suppose j - 16 = -3*l, 0*l = 2*l + 4. Let o = j + c. What is the greatest common factor of o and 18?
9
Let l(c) = 224*c**2 - c + 2. Let v be l(1). What is the highest common divisor of 27 and v?
9
Let z(r) = -9*r + 27. Let h be z(1). What is the highest common divisor of h and 162?
18
Let v(i) = i**3 + 9*i**2 - 2*i - 10. Let u be v(-9). Let c = u - -10. Calculate the highest common factor of 45 and c.
9
Let z(k) = -24*k - 256. Let n be z(-14). Calculate the highest common divisor of n and 420.
20
Let g = -14 + 69. Suppose 2*t = 4*z - 28, 0 = 5*z - 35*t + 33*t - 33. Calculate the highest common factor of g and z.
5
Suppose -3*y = 6, -y + 190 = m + 2*m. Suppose 0*d + 5*k = -3*d + 303, -3*k = -3*d + 279. Calculate the highest common factor of d and m.
32
Let q be -48*(-9)/(-6)*-4. Suppose 98 = 4*o - l, 3*l - 29 - 85 = -5*o. Calculate the highest common divisor of q and o.
24
Suppose 0 = -5*w + 3 + 12. Suppose 0 = s + s - 12. Let j be s/24 - (-4)/(-32)*-22. Calculate the highest common factor of j and w.
3
Let j = -399 + 408. What is the highest common divisor of 9 and j?
9
Suppose -v = -3, 5*f - v = 4*v + 235. What is the highest common divisor of f and 10?
10
Suppose 25*r = 19*r + 48. What is the highest common divisor of 128 and r?
8
Let c(a) = -a**2 - 10*a - 11. Let m be c(-6). Suppose -104 = -u - r + 2*r, 3*u - 312 = 2*r. What is the greatest common factor of m and u?
13
Let g(a) = 2*a**3 - a**2 + 8*a - 22. Let s be g(4). What is the greatest common factor of 915 and s?
61
